{"id":1185,"date":"2025-05-16T14:49:56","date_gmt":"2025-05-16T12:49:56","guid":{"rendered":"https:\/\/schneider.ch\/_newweb\/?page_id=1185"},"modified":"2025-05-16T14:49:56","modified_gmt":"2025-05-16T12:49:56","slug":"datenschutzerklaerung","status":"publish","type":"page","link":"https:\/\/schneider.ch\/_\/783-2\/datenschutzerklaerung\/","title":{"rendered":"Datenschutzerkl\u00e4rung"},"content":{"rendered":"<p>[et_pb_section fb_built=&#187;1&#8243; _builder_version=&#187;4.27.4&#8243; _module_preset=&#187;default&#187; da_disable_devices=&#187;off|off|off&#187; global_colors_info=&#187;{}&#187; da_is_popup=&#187;off&#187; da_exit_intent=&#187;off&#187; da_has_close=&#187;on&#187; da_alt_close=&#187;off&#187; da_dark_close=&#187;off&#187; da_not_modal=&#187;on&#187; da_is_singular=&#187;off&#187; da_with_loader=&#187;off&#187; da_has_shadow=&#187;on&#187;][et_pb_row _builder_version=&#187;4.27.4&#8243; _module_preset=&#187;default&#187; global_colors_info=&#187;{}&#187;][et_pb_column type=&#187;4_4&#8243; _builder_version=&#187;4.27.4&#8243; _module_preset=&#187;default&#187; global_colors_info=&#187;{}&#187;][et_pb_heading title=&#187;Datenschutzerkl\u00e4rung&#187; _builder_version=&#187;4.27.4&#8243; _module_preset=&#187;default&#187; global_colors_info=&#187;{}&#187;][\/et_pb_heading][et_pb_text admin_label=&#187;Version&#187; _builder_version=&#187;4.27.4&#8243; _module_preset=&#187;default&#187; global_colors_info=&#187;{}&#187;]<\/p>\n<p>Version vom 01.02.2019<\/p>\n<p>[\/et_pb_text][et_pb_text _builder_version=&#187;4.27.4&#8243; _module_preset=&#187;default&#187; global_colors_info=&#187;{}&#187;]<\/p>\n<p><span>In dieser Datenschutzerkl\u00e4rung erl\u00e4utern wir, die Schneider Software AG (nachfolgend\u00a0<\/span><b>SSW<\/b><span>,\u00a0<\/span><b>wir<\/b><span>\u00a0oder\u00a0<\/span><b>uns<\/b><span>), wie wir Personendaten erheben und sonst bearbeiten. Das ist keine abschliessende Beschreibung; allenfalls regeln andere Datenschutzerkl\u00e4rungen [oder allgemeine Gesch\u00e4ftsbedingungen, Teilnahmebedingungen und \u00e4hnliche Dokumente] spezifische Sachverhalte. Unter Personendaten werden alle Angaben verstanden, die sich auf eine bestimmte oder bestimmbare Person beziehen.<\/span><\/p>\n<p><span>Wenn Sie uns Personendaten anderer Personen (z.B. Familienmitglieder, Daten von Arbeitskollegen) zur Verf\u00fcgung stellen, stellen Sie bitte sicher, dass diese Personen die vorliegende Datenschutzerkl\u00e4rung kennen und teilen Sie uns deren Personendaten nur mit, wenn Sie dies d\u00fcrfen und wenn diese Personendaten korrekt sind.<\/span><\/p>\n<p><span>Diese Datenschutzerkl\u00e4rung ist auf die EU Datenschutz-Grundverordnung (<\/span><b>DSGVO<\/b><span>) ausgerichtet. Obwohl die DSGVO eine Regulierung der Europ\u00e4ischen Union ist, ist sie f\u00fcr uns von Bedeutung. Das schweizerische Datenschutzgesetz (<\/span><b>DSG<\/b><span>) ist vom EU-Recht stark beeinflusst, und Unternehmen ausserhalb der Europ\u00e4ischen Union bzw. des EWR haben die DSGVO unter bestimmten Umst\u00e4nden einzuhalten.<\/span><span><\/span><\/p>\n<ol>\n<li><strong><span>Verantwortlicher \/ Datenschutzbeauftrager \/ Vertreter<\/span><\/strong><br \/>Verantwortlich f\u00fcr die Datenbearbeitungen, die wir hier beschreiben, ist SSW. Wenn Sie datenschutzrechtliche Anliegen haben, k\u00f6nnen Sie uns diese an folgende Kontaktadresse mitteilen:<br \/>info@schneider.ch<br \/>Schneider Software AG, Eisenbahnstrasse 62, 3645 Gwatt-Thun<\/li>\n<li><strong><span>Erhebung und Bearbeitung von Personendaten<\/span><\/strong><br \/>Wir bearbeiten in erster Linie die Personendaten, die wir im Rahmen unserer Gesch\u00e4ftsbeziehung mit unseren Kunden und anderen Gesch\u00e4ftspartnern von diesen und weiteren daran beteiligten Personen erhalten oder die wir beim Betrieb unserer Websites, Apps und weiteren Anwendungen von deren Nutzern erheben.Soweit dies erlaubt ist, entnehmen wir auch \u00f6ffentlich zug\u00e4nglichen Quellen (z.B. Betreibungsregister, Grundb\u00fccher, Handelsregister, Presse, Internet) gewisse Daten. Nebst den Daten von Ihnen, die Sie uns direkt geben, umfassen die Kategorien von Personendaten, die wir von Dritten \u00fcber Sie erhalten, insbesondere Angaben aus \u00f6ffentlichen Registern, Angaben, die wir im Zusammenhang mit beh\u00f6rdlichen und gerichtlichen Verfahren erfahren, Angaben im Zusammenhang mit ihren beruflichen Funktionen und Aktivit\u00e4ten (damit wir z.B. mit Ihrer Hilfe Gesch\u00e4fte mit Ihrem Arbeitgeber abschliessen und abwickeln k\u00f6nnen), Angaben \u00fcber Sie in Korrespondenz und Besprechungen mit Dritten, Bonit\u00e4tsausk\u00fcnfte (soweit wir mit Ihnen pers\u00f6nlich Gesch\u00e4fte abwickeln), Angaben \u00fcber Sie, die uns Personen aus Ihrem Umfeld (Familie, Berater, Rechtsvertreter, etc.) geben, damit wir Vertr\u00e4ge mit Ihnen oder unter Einbezug von Ihnen abschliessen oder abwickeln k\u00f6nnen (z.B. Referenzen, Ihre Adresse f\u00fcr Lieferungen, Vollmachten, Angaben zur Einhaltung gesetzlicher Vorgaben wie etwa der Geldw\u00e4schereibek\u00e4mpfung und Exportrestriktionen, Angaben von Banken, Versicherungen, Vertriebs- und anderen Vertragspartnern von uns zur Inanspruchnahme oder Erbringung von Leistungen durch Sie (z.B. erfolgte Zahlungen, erfolgte K\u00e4ufe), Angaben aus Medien und Internet zu Ihrer Person (soweit dies im konkreten Fall angezeigt ist, z.B. im Rahmen einer Bewerbung, Presseschau, Marketing\/Verkauf, etc.), Ihre Adressen und ggf. Interessen und weitere soziodemographische Daten (f\u00fcr Marketing), Daten im Zusammenhang mit der Benutzung der Website (z.B. IP-Adresse, MAC-Adresse des Smartphones oder Computers, Angaben zu Ihrem Ger\u00e4t und Einstellungen, Cookies, Datum und Zeit des Besuchs, abgerufene Seiten und Inhalte, benutzte Funktionen, verweisende Website, Standortangaben).<\/li>\n<li><strong><span>Zwecke der Datenbearbeitung und Rechtsgrundlagen<\/span><\/strong><br \/>Wir verwenden die von uns erhobenen Personendaten in erster Linie, um unsere Vertr\u00e4ge mit unseren Kunden und Gesch\u00e4ftspartnern abzuschliessen und abzuwickeln, so insbesondere im Rahmen der Entwicklung von WinBau und dessen Modulen mit unseren Kunden und den Einkauf von Produkten und Dienstleistungen von unseren Lieferanten und Subunternehmern, sowie um unseren gesetzlichen Pflichten im In- und Ausland nachzukommen. Wenn Sie f\u00fcr einen solchen Kunden oder Gesch\u00e4ftspartner t\u00e4tig sind, k\u00f6nnen Sie in dieser Funktion mit Ihren Personendaten nat\u00fcrlich ebenfalls davon betroffen sein.Dar\u00fcber hinaus bearbeiten wir Personendaten von Ihnen und weiteren Personen, soweit erlaubt und es uns als angezeigt erscheint, auch f\u00fcr folgende Zwecke, an denen wir ein dem Zweck entsprechendes berechtigtes Interesse haben:\n<ul>\n<li>Angebot und Weiterentwicklung unserer Angebote, Dienstleistungen und Websites, Apps und weiteren Plattformen, auf welchen wir pr\u00e4sent sind;<\/li>\n<li>Kommunikation mit Dritten und Bearbeitung derer Anfragen (z.B. Bewerbungen, Medienanfragen);<\/li>\n<li>Pr\u00fcfung und Optimierung von Verfahren zur Bedarfsanalyse zwecks direkter Kundenansprache sowie Erhebung von Personendaten aus \u00f6ffentlich zug\u00e4nglichen Quellen zwecks Kundenakquisition;<\/li>\n<li>Werbung und Marketing (einschliesslich Durchf\u00fchrung von Anl\u00e4ssen), soweit Sie der Nutzung Ihrer Daten nicht widersprochen haben (wenn wir Ihnen als bestehender Kunde von uns Werbung zukommen lassen, k\u00f6nnen Sie dem jederzeit widersprechen, wir setzen Sie dann auf eine Sperrliste gegen weitere Werbesendungen);<\/li>\n<li>Markt- und Meinungsforschung, Medienbeobachtung;<\/li>\n<li>Geltendmachung rechtlicher Anspr\u00fcche und Verteidigung in Zusammenhang mit rechtlichen Streitigkeiten und beh\u00f6rdlichen Verfahren;<\/li>\n<li>Verhinderung und Aufkl\u00e4rung von Straftaten und sonstigem Fehlverhalten (z.B. Durchf\u00fchrung interner Untersuchungen, Datenanalysen zur Betrugsbek\u00e4mpfung);<\/li>\n<li>Gew\u00e4hrleistungen unseres Betriebs, insbesondere der IT, unserer Websites, Apps und weiteren Plattformen;<\/li>\n<li>Video\u00fcberwachungen zur Wahrung des Hausrechts und sonstige Massnahmen zur IT-, Geb\u00e4ude- und Anlagesicherheit und Schutz unserer Mitarbeiter und weiteren Personen und uns geh\u00f6renden oder anvertrauten Werte (wie z.B. Zutrittskontrollen, Besucherlisten, Netzwerk- und Mailscanner, Telefonaufzeichnungen);<\/li>\n<li>Kauf und Verkauf von Gesch\u00e4ftsbereichen, Gesellschaften oder Teilen von Gesellschaften und andere gesellschaftsrechtliche Transaktionen und damit verbunden die \u00dcbertragung von Personendaten sowie Massnahmen zur Gesch\u00e4ftssteuerung und soweit zur Einhaltung gesetzlicher und regulatorischer Verpflichtungen sowie interner Vorschriften von SSW.<\/li>\n<\/ul>\n<p>Soweit Sie uns eine Einwilligung zur Bearbeitung Ihrer Personaldaten f\u00fcr bestimmte Zwecke erteilt haben (zum Beispiel bei Ihrer Anmeldung zum Erhalt von Newslettern oder Durchf\u00fchrung eines Background-Checks), bearbeiten wir Ihre Personendaten im Rahmen und gest\u00fctzt auf diese Einwilligung, soweit wir keine andere Rechtsgrundlage haben und wir eine solche ben\u00f6tigen. Eine erteilte Einwilligung kann jederzeit widerrufen werden, was jedoch keine Auswirkung auf bereits erfolgte Datenbearbeitungen hat.<\/p>\n<\/li>\n<li><strong><span>Cookies \/ Tracking und andere Technologien im Zusammenhang mit der Nutzung unserer Website<\/span><\/strong><br \/>Wir setzen auf unseren Websites [und Apps] typischerweise &#171;Cookies&#187; und vergleichbare Techniken ein, mit denen Ihr Browser oder Ihr Ger\u00e4t identifiziert werden kann. Ein Cookie ist eine kleine Datei, die an Ihren Computer gesendet bzw. vom verwendeten Webbrowser automatisch auf Ihrem Computer oder mobilen Ger\u00e4t gespeichert wird, wenn Sie unsere Website besuchen [oder App installieren]. Wenn Sie diese Website erneut aufrufen [oder unsere App benutzen], k\u00f6nnen wir Sie so wiedererkennen, selbst wenn wir nicht wissen, wer Sie sind. Neben Cookies, die lediglich w\u00e4hrend einer Sitzung benutzt und nach Ihrem Website-Besuch gel\u00f6scht werden (&#171;Session Cookies&#187;), k\u00f6nnen Cookies auch benutzt werden, um Nutzereinstellungen und andere Informationen \u00fcber eine bestimmte Zeit (z.B. zwei Jahre) zu speichern (&#171;permanente Cookies&#187;). Sie k\u00f6nnen Ihren Browser jedoch so einstellen, dass er Cookies zur\u00fcckweist, nur f\u00fcr eine Sitzung speichert oder sonst vorzeitig l\u00f6scht. Die meisten Browser sind so voreingestellt, dass Sie Cookies akzeptieren. Wir nutzen permanente Cookies damit Sie Benutzereinstellungen speichern (z.B. Sprache, Autologin). Wenn Sie Cookies sperren, kann es sein, dass gewisse Funktionalit\u00e4ten nicht mehr funktionieren.Mit der Nutzung unserer Websites, Apps und der Einwilligung in den Erhalt von Newslettern und anderen Marketing-E-Mails stimmen Sie dem Einsatz dieser Techniken zu. Wollen Sie dies nicht, dann m\u00fcssen Sie Ihren Browser bzw. Ihr E-Mail-Programm entsprechend einstellen, oder die App deinstallieren, sofern sich dies nicht \u00fcber die Einstellungen anpassen l\u00e4sst.<\/li>\n<li><strong><span>Datenweitergabe und Daten\u00fcbermittlung ins Ausland<\/span><\/strong><br \/>Wir geben im Rahmen unserer gesch\u00e4ftlichen Aktivit\u00e4ten und der Zwecke gem\u00e4ss Ziff. 3, soweit erlaubt und es uns als angezeigt erscheint, auch Dritten bekannt, sei es, weil sie diese f\u00fcr uns bearbeiten, sei es, weil sie sie f\u00fcr ihre eigenen Zwecke verwenden wollen. Dabei geht es insbesondere um folgende Stellen:\n<ul>\n<li>Dienstleister von uns, einschliesslich Auftragsbearbeitern (wie z.B. IT-Provider);<\/li>\n<li>H\u00e4ndler, Lieferanten, Subunternehmer und sonstige Gesch\u00e4ftspartner;<\/li>\n<li>Kunden;<\/li>\n<li>in- und ausl\u00e4ndische Beh\u00f6rden, Amtsstellen oder Gerichten;<\/li>\n<li>Mitbewerber, Branchenorganisationen, Verb\u00e4nde, Organisationen und weitere Gremien;<\/li>\n<li>anderen Parteien in m\u00f6glichen oder tats\u00e4chlichen Rechtsverfahren;<\/li>\n<\/ul>\n<p>alle gemeinsam<span>\u00a0<\/span><b>Empf\u00e4nger<\/b>.<\/p>\n<p>Diese Empf\u00e4nger sind im Inland. Sollten wir Daten in ein Land ohne angemessenen gesetzlichen Datenschutz \u00fcbermitteln, sorgen wir wie gesetzlich vorgesehen mittels Einsatz von entsprechenden Vertr\u00e4gen (namentlich auf Basis der sog. Standardvertragsklauseln der Europ\u00e4ischen Kommission) oder sog. Binding Corporate Rules f\u00fcr ein angemessenes Schutzniveau oder st\u00fctzen uns auf die gesetzlichen Ausnahmentatbest\u00e4nde der Einwilligung, der Vertragsabwicklung, der Feststellung, Aus\u00fcbung oder Durchsetzung von Rechtsanspr\u00fcchen, \u00fcberwiegender \u00f6ffentlicher Interessen, der ver\u00f6ffentlichten Personendaten oder weil es zum Schutz der Unversehrtheit der betroffenen Personen n\u00f6tig ist. Wir behalten uns aber vor, Kopien aus datenschutzrechtlichen Gr\u00fcnden oder Gr\u00fcnden der Geheimhaltung zu schw\u00e4rzen oder nur auszugsweise zu liefern.<\/p>\n<\/li>\n<li><strong><span>Dauer der Aufbewahrung von Personendaten<\/span><\/strong><br \/>Wir verarbeiten und speichern Ihre Personendaten, solange es f\u00fcr die Erf\u00fcllung unserer vertraglichen und gesetzlichen Pflichten oder sonst die mit der Bearbeitung verfolgten Zwecke erforderlich ist, d.h. also zum Beispiel f\u00fcr die Dauer der gesamten Gesch\u00e4ftsbeziehung (von der Anbahnung, Abwicklung bis zur Beendigung eines Vertrags) sowie dar\u00fcber hinaus gem\u00e4ss den gesetzlichen Aufbewahrungs- und Dokumentationspflichten. Dabei ist es m\u00f6glich, dass Personendaten f\u00fcr die Zeit aufbewahrt werden, in der Anspr\u00fcche gegen unser Unternehmen geltend gemacht werden k\u00f6nnen und soweit wir anderweitig gesetzlich dazu verpflichtet sind oder berechtigte Gesch\u00e4ftsinteressen dies erfordern (z.B. f\u00fcr Beweis- und Dokumentationszwecke). Sobald Ihre Personendaten f\u00fcr die oben genannten Zwecke nicht mehr erforderlich sind, werden sie grunds\u00e4tzlich und soweit m\u00f6glich gel\u00f6scht oder anonymisiert. F\u00fcr betriebliche Daten (z.B. Systemprotokolle, Logs), gelten grunds\u00e4tzliche k\u00fcrzere Aufbewahrungsfristen von zw\u00f6lf Monaten oder weniger.<\/li>\n<li><strong><span>Datensicherheit<\/span><\/strong><br \/>Wir treffen angemessene technische und organisatorische Sicherheitsvorkehrungen zum Schutz Ihrer Personendaten vor unberechtigtem Zugriff und Missbrauch wie etwa der Erlass von Weisungen, Schulungen, IT- und Netzwerksicherheitsl\u00f6sungen, Zugangskontrollen und \u2013beschr\u00e4nkungen, Verschl\u00fcsselung von Datentr\u00e4gern und \u00dcbermittlungen, Pseudonymisierung.<\/li>\n<li><strong><span>Pflicht zur Bereitstellung von Personendaten<\/span><\/strong><br \/>Im Rahmen unserer Gesch\u00e4ftsbeziehung m\u00fcssen Sie diejenigen Personendaten bereitstellen, die f\u00fcr die Aufnahme und Durchf\u00fchrung einer Gesch\u00e4ftsbeziehung und der Erf\u00fcllung der damit verbundenen vertraglichen Pflichten erforderlich sind (eine gesetzliche Pflicht, uns Daten bereitzustellen, haben Sie in der Regel nicht). Ohne diese Daten werden wir in der Regel nicht in der Lage sein, einen Vertrag mit Ihnen (oder der Stelle oder Person, die Sie vertreten) zu schliessen oder diesen abzuwickeln. Auch die Website kann nicht genutzt werden, wenn gewisse Angaben zur Sicherstellung des Datenverkehrs (wie z.B. IP-Adresse) nicht offengelegt wird.<\/li>\n<li><strong><span>Profiling [und automatisierte Entscheidfindung]<\/span><\/strong><br \/>Zur Begr\u00fcndung und Durchf\u00fchrung der Gesch\u00e4ftsbeziehung und auch sonst nutzen wir grunds\u00e4tzlich keine vollautomatisierte automatische Entscheidungsfindung (wie etwa in Art. 22 DSGVO geregelt. Sollten wir solche Verfahren in Einzelf\u00e4llen einsetzen, werden wir Sie hier\u00fcber gesondert informieren, sofern dies gesetzlich vorgegeben ist und Sie \u00fcber die damit zusammenh\u00e4ngenden Rechte aufkl\u00e4ren.<\/li>\n<li><strong><span>Rechte der betroffenen Person<\/span><\/strong><br \/>Sie haben im Rahmen des auf Sie anwendbaren Datenschutzrechts und soweit darin vorgesehen (wie etwa im Falle der DSGVO) das Recht auf Auskunft, Berichtigung, L\u00f6schung, das Recht auf Einschr\u00e4nkung der Datenbearbeitung und sonst dem Widerspruch gegen unsere Datenbearbeitungen sowie auf Herausgabe gewisser Personendaten zwecks \u00dcbertragung an eine andere Stelle (sog. Datenportabilit\u00e4t). Bitte beachten Sie aber, dass wir uns vorbehalten, unsererseits die gesetzlich vorgesehenen Einschr\u00e4nkungen geltend zu machen, etwa wenn wir zur Aufbewahrung oder Bearbeitung gewisser Daten verpflichtet sind, daran ein \u00fcberwiegendes Interesse haben (soweit wir uns darauf berufen d\u00fcrfen) oder sie f\u00fcr die Geltendmachung von Anspr\u00fcchen ben\u00f6tigen. Falls f\u00fcr Sie Kosten anfallen, werden wir Sie vorab informieren. \u00dcber die M\u00f6glichkeit, Ihre Einwilligung zu widerrufen, haben wir bereits in Ziff. 3 informiert. Beachten Sie, dass die Aus\u00fcbung dieser Rechte im Konflikt zu vertraglichen Abmachungen stehen kann und dies Folgen wie z.B. die vorzeitige Vertragsaufl\u00f6sung oder Kostenfolgen haben kann. Wir werden Sie diesfalls vorg\u00e4ngig informieren, wo dies nicht bereits vertraglich geregelt ist.Die Aus\u00fcbung solcher Rechte setzt in der Regel voraus, dass Sie Ihre Identit\u00e4t eindeutig nachweisen (z.B. durch eine Ausweiskopie, wo Ihre Identit\u00e4t sonst nicht klar ist bzw. verifiziert werden kann). Zur Geltendmachung Ihrer Rechte k\u00f6nnen Sie uns unter der in Ziffer 1 angegebenen Adresse kontaktieren.Jede betroffene Person hat \u00fcberdies das Recht, ihre Anspr\u00fcche gerichtlich durchzusetzen oder bei der zust\u00e4ndigen Datenschutzbeh\u00f6rde eine Beschwerde einzureichen. Die zust\u00e4ndige Datenschutzbeh\u00f6rde der Schweiz ist der Eidgen\u00f6ssische Datenschutz- und \u00d6ffentlichkeitsbeauftragte (<a href=\"https:\/\/www.edoeb.admin.ch\/\">https:\/\/www.edoeb.admin.ch<\/a>).<\/li>\n<li><strong><span>\u00c4nderungen<\/span><\/strong><br \/>Wir k\u00f6nnen diese Datenschutzerkl\u00e4rung jederzeit ohne Vorank\u00fcndigung anpassen. Es gilt die jeweils aktuelle, auf unserer Website publizierte Fassung. Soweit die Datenschutzerkl\u00e4rung Teil einer Vereinbarung mit Ihnen ist, werden wir Sie im Falle einer Aktualisierung \u00fcber die \u00c4nderung per E-Mail oder auf andere geeignete Weise informieren.<\/li>\n<\/ol>\n<p>[\/et_pb_text][\/et_pb_column][\/et_pb_row][\/et_pb_section]<\/p>\n","protected":false},"excerpt":{"rendered":"<p>Version vom 01.02.2019In dieser Datenschutzerkl\u00e4rung erl\u00e4utern wir, die Schneider Software AG (nachfolgend\u00a0SSW,\u00a0wir\u00a0oder\u00a0uns), wie wir Personendaten erheben und sonst bearbeiten. Das ist keine abschliessende Beschreibung; allenfalls regeln andere Datenschutzerkl\u00e4rungen [oder allgemeine Gesch\u00e4ftsbedingungen, Teilnahmebedingungen und \u00e4hnliche Dokumente] spezifische Sachverhalte. Unter Personendaten werden alle Angaben verstanden, die sich auf eine bestimmte oder bestimmbare Person beziehen. Wenn Sie uns [&hellip;]<\/p>\n","protected":false},"author":1,"featured_media":0,"parent":783,"menu_order":0,"comment_status":"closed","ping_status":"closed","template":"","meta":{"_et_pb_use_builder":"on","_et_pb_old_content":"","_et_gb_content_width":"","footnotes":""},"class_list":["post-1185","page","type-page","status-publish","hentry"],"_links":{"self":[{"href":"https:\/\/schneider.ch\/_\/wp-json\/wp\/v2\/pages\/1185","targetHints":{"allow":["GET"]}}],"collection":[{"href":"https:\/\/schneider.ch\/_\/wp-json\/wp\/v2\/pages"}],"about":[{"href":"https:\/\/schneider.ch\/_\/wp-json\/wp\/v2\/types\/page"}],"author":[{"embeddable":true,"href":"https:\/\/schneider.ch\/_\/wp-json\/wp\/v2\/users\/1"}],"replies":[{"embeddable":true,"href":"https:\/\/schneider.ch\/_\/wp-json\/wp\/v2\/comments?post=1185"}],"version-history":[{"count":4,"href":"https:\/\/schneider.ch\/_\/wp-json\/wp\/v2\/pages\/1185\/revisions"}],"predecessor-version":[{"id":1610,"href":"https:\/\/schneider.ch\/_\/wp-json\/wp\/v2\/pages\/1185\/revisions\/1610"}],"up":[{"embeddable":true,"href":"https:\/\/schneider.ch\/_\/wp-json\/wp\/v2\/pages\/783"}],"wp:attachment":[{"href":"https:\/\/schneider.ch\/_\/wp-json\/wp\/v2\/media?parent=1185"}],"curies":[{"name":"wp","href":"https:\/\/api.w.org\/{rel}","templated":true}]}}